t of h - (-4 - -3)*3?
6
Let c(d) = d**3 - 12*d**2 - 12*d + 2. Let j(l) = 4*l**2 - 1. Let b be j(1). Suppose -q = -b*q + 26. What is the tens digit of c(q)?
1
Suppose -11 = -r - 7. Suppose -h = -2*h + r. Suppose t + w - 85 = 0, -5*t + 395 = -5*w + h*w. What is the tens digit of t?
8
Let o be ((-4)/(-7))/(4/14). Suppose 5*f + 30 = o*f. What is the tens digit of 56/2*f/(-10)?
2
Suppose 5*h - 2519 = 2906. What is the hundreds digit of h?
0
Suppose -4*j + 7*j - 6 = 0. Suppose -5*m + j*m = -129. What is the units digit of m?
3
Suppose -2*d + 4*m + 4 = 0, 3*d + 0*d = -2*m + 14. Let l(g) = -g + 5. Let t be l(d). Let s = t - -38. What is the units digit of s?
9
Suppose 30*k + k = 13702. What is the units digit of k?
2
Let m be -4*2 - 16/16. Let p = 16 - m. What is the tens digit of (-10)/(-3 + p/9)?
4
Let r(u) = u + 122. Let y = -47 + 47. What is the units digit of r(y)?
2
Let s = -8 + 14. Suppose 17 + 433 = s*f. What is the tens digit of f?
7
Suppose -789 = -3*m + 39. What is the hundreds digit of m?
2
Let l = 2294 - 1265. Suppose -5*s + l = 2*s. What is the units digit of s?
7
Suppose 63 = 3*x - 69. Suppose x*f - 47*f = -189. What is the tens digit of f?
6
Let s(l) = -7*l + 427. What is the units digit of s(0)?
7
What is the units digit of -1*(-13)/(78/2142)?
7
Let c be (20/14)/(6/42). Suppose 3*k + 2*f + c = -46, -5*f = -3*k - 49. Let l = 31 + k. What is the tens digit of l?
1
Let g(w) = -4 + 3*w + 8 + 4 + 0 + 6*w**2. What is the tens digit of g(-2)?
2
Let u(g) = -10*g - 2*g**2 + 31*g - 9 + g**2. Let c = -90 - -108. What is the tens digit of u(c)?
4
Let w = -911 + 2370. What is the hundreds digit of w?
4
Suppose 0 = 4*m - 5*q + 97, -2*m - q = 2*m + 67. What is the tens digit of 381/m*-10 - 1/(-3)?
1
Let z be 2*(3/5)/((-8)/(-20)). Suppose -z*c = -170 - 115. What is the units digit of c?
5
Suppose -8 = -39*c + 35*c. Suppose -134 = -c*v + 132. What is the hundreds digit of v?
1
Suppose 4*w - 46 = -282. Let b = -8 + w. What is the units digit of -3 - b/1 - 3?
1
Let t be (-6)/15*1260/(-3). Suppose t = 5*k - 52. What is the units digit of k?
4
Let q(s) = s**2 + 18*s + 13. What is the tens digit of q(16)?
5
Let s(v) = -v**3 - 16*v**2 - 28*v + 5. Let l be s(-14). Suppose 0*o - o + 47 = z, l*z = -4*o + 234. What is the units digit of z?
6
What is the hundreds digit of 3 - (22812/(-18) - 4/(-3))?
2
Let p(r) = r**3 - 9*r**2 + 10*r - 8. Let v be p(8). Let m be 11/4 - (-2)/v. Suppose m*f - 107 = -4*z, z - 5*f - 44 = -0*f. What is the tens digit of z?
2
Let k = -3 - -20. Let i(o) = -o**2 + 18*o - 11. What is the units digit of i(k)?
6
Suppose 486 = 3*q - 0*q + 4*f, -4*q + f = -648. Suppose q = -0*g + 3*g. Suppose u = -2*u + g. What is the tens digit of u?
1
What is the units digit of 1076/8 - 1/(-2)?
5
Let a(r) = r**3 + 7*r**2 - 6*r - 1. Let q be a(-6). Let b = 35 - q. Let x = b - -51. What is the tens digit of x?
1
Let m be 103845/63 - 2/6. What is the tens digit of 4/5 - m/(-40)?
4
Let d be -4*(-2)/(-4)*-1. Suppose 39 = 5*h - 2*h. Let u = h - d. What is the tens digit of u?
1
Let f be (-1 + 4)/(0 + 3). Let w = 4 + f. Suppose w*o - 11 = 4. What is the units digit of o?
3
Let c(p) = 848*p**2 + 4*p + 7. What is the tens digit of c(-1)?
5
Let m(l) = l**3 + 2*l + 4. Let f be m(0). Suppose -4*v = -f*k + 60 + 76, 96 = 3*k - 5*v. What is the tens digit of k?
3
Let h(q) be the third derivative of -q**7/1008 - q**6/720 - 3*q**5/20 + q**2. Let g(s) be the third derivative of h(s). What is the units digit of g(-7)?
4
Suppose -a + 0 + 19 = 3*k, 5*a - 47 = -3*k. Suppose 0 = -2*l - a + 41. What is the tens digit of l?
1
Let t(d) = -22 - d**2 + 6*d**2 - 2*d**2 + 0*d**2. What is the hundreds digit of t(8)?
1
Let q(y) = -15*y + 611. What is the units digit of q(0)?
1
Let n(j) = 5*j**2 - 8. Let z be (-8)/(-10) + 144/(-30). What is the units digit of n(z)?
2
Let p(z) = 33*z - 66. What is the hundreds digit of p(15)?
4
Suppose -5*i - 991 = 4*s, -2*i = -s - 2 + 388. What is the hundreds digit of -4 - (-4 - -3) - (0 + i)?
1
Let m be 66/(-3) - (-5 - -2). Let t = 22 + m. What is the tens digit of 40*3/18*t?
2
Let i = -15 - -22. Let b be ((-3)/(-4))/(i/28). Suppose -b*y - 4 = -13, -4*j = y - 211. What is the tens digit of j?
5
Suppose 4*t - 356 = -5*o + 2917, -4*t - 2*o = -3282. What is the hundreds digit of t?
8
Suppose -s - 2 = -5*u, 5*u - 1 - 9 = 0. Suppose s*g = 11*g - 252. What is the units digit of g?
4
Let h(u) = -u**2 - 2*u + 1. Suppose 5*z + 3*j - 20 = 5*j, 5*j + 27 = z. Suppose -z*v = -4 - 0, -3*g = 3*v. What is the units digit of h(g)?
1
Let c = 1 - -1. Suppose -c*j = -2*z - 144, 2*j - 127 = -2*z + 37. Suppose u + 28 = 3*u - 4*q, -4*u + j = -q. What is the units digit of u?
0
Suppose -12 = 3*g + 4*b, -4*g - 2*b = -b + 3. Suppose g = 3*p - 4 - 17. Suppose -p*o + 56 = -3*o. What is the units digit of o?
4
Let d(z) be the second derivative of -z**5/20 + z**4/2 + z**3/2 + 5*z**2/2 + 11*z. Suppose -2*r + 3*r - 5 = 0. What is the tens digit of d(r)?
4
Let d be (-3)/6*2*8. Let s be 4/(0 - d)*6. Suppose -6 = s*i, 5*g - 134 = 5*i + 61. What is the units digit of g?
7
Let x(t) = 3*t**2 - 9*t - 30. Let d be x(-6). Suppose -924 = -4*q + d. What is the hundreds digit of q?
2
Suppose 2*c - 35 = -5*u, -33 = -2*u - 0*c + 3*c. Suppose -u*g - 80 = -4*g. Let s = 24 + g. What is the units digit of s?
8
Let a be 283*-5*(-24)/60. Suppose -5*s + 2*o = -2*o - a, s - o - 114 = 0. What is the hundreds digit of s?
1
Suppose 2 = -u + 48. Let z = 26 - u. What is the units digit of (-7)/(((-8)/z)/(-2))?
5
Let y be 15/((-390)/212) + 2/13. What is the tens digit of -159*(y/(-12))/(-2)?
5
Let b = -14 - -23. Let r = b + -8. What is the units digit of r?
1
Let p = -18 - -9. Let m = 1 + p. What is the tens digit of (m + 47)*(-1 + 2)?
3
Suppose 2*s = 19 + 29. Suppose -c = 4*c + 3*h - 27, -4*c = 3*h - s. What is the units digit of c?
3
Suppose 6 = 2*j - 3*j. Let q = 152 - j. What is the hundreds digit of q?
1
Suppose a = 15 - 12. What is the units digit of 3 - 2*(-21 - a)?
1
Let p = 22 + -19. Suppose -3*s + 2*s - 136 = -p*c, 5*c + 3*s - 236 = 0. What is the units digit of c?
6
Let b(x) = -16*x - 2*x + 6*x - 20*x. What is the tens digit of b(-6)?
9
Let i(f) = -f**2 - 22*f - 45. Let p = 46 + -64. What is the tens digit of i(p)?
2
Suppose 10*k = 7*k + 336. Suppose -2*h - 2*h + 4*w = -k, -2*h = -3*w - 57. What is the units digit of h?
7
Let b(j) = 4*j**3 + 11*j**2 - 8*j + 12. What is the hundreds digit of b(6)?
2
Let b(r) = 10*r**2 - 14*r + 23. What is the tens digit of b(9)?
0
Let o(v) = v**3 + 9*v**2 - 10*v + 3. Let h be (-96)/10 - (-8)/(-20). Let y be o(h). Suppose 40 = 5*d + 3*w, -3*d - w + y*w = -24. What is the units digit of d?
8
Let i = -29 - -46. Suppose 0 = -2*p - 5*w + 42, 0*p - 4*w = p - 18. Let q = p - i. What is the units digit of q?
9
Suppose 276 = -6*g + 9*g. Let q = 213 - g. What is the tens digit of q?
2
Let v(t) = 137*t + 79. What is the hundreds digit of v(7)?
0
Suppose 4*n + 16 = -8. What is the tens digit of ((-2)/2)/(n/438)?
7
Suppose -m = 4*t + t - 1851, 1478 = 4*t - 2*m. What is the hundreds digit of t?
3
Suppose 18*p - 19170 = 13*p. What is the units digit of p?
4
Let g(f) = 2*f**2 + 18*f - 124. What is the tens digit of g(19)?
4
Let w(x) = 2*x + 14. Let y be w(6). Let g = 34 + y. What is the units digit of g?
0
Suppose 5*c + y = 16, -7*y = -3*y - 4. Suppose 3*x - 6 = c. Suppose 4*m - 108 = -q, 5*q = -4*m + x*q + 104. What is the tens digit of m?
2
Let a(o) = 2*o + 6. Let n be a(-6). Let q(d) = -d**2 - 6*d + 5. Let g be q(n). What is the units digit of (-8)/(-1)*(g - 3)?
6
Let w = -35 + 82. Suppose -w + 12 = -d. What is the units digit of d?
5
What is the thousands digit of (2 - 3)*7/(28/(-16612))?
4
Let c = -86 - -145. Let a(g) = 19*g + 59 - c. What is the tens digit of a(2)?
3
Let c(d) = 442*d**3 + 3*d - 2. Let n be c(2). What is the units digit of (1/(-5))/((-12)/n)?
9
Let x(s) = 2*s + 2. Let y be x(5). Suppose 0 = -3*w + 2*k + 5, 0 = -3*w + k - 5 + y. What is the units digit of w?
3
Let u(l) = 4*l**3 + 2*l**2 - 2*l + 1. Let c be u(1). Suppose -c*x + 25 + 117 = -4*s, -3*s = 3*x + 120. Let o = 56 + s. What is the tens digit of o?
1
Let g(q) = 4*q + 5. Let l be g(10). Suppose 0*w + 6 = 3*w. Suppose -l = -w*h + 17. What is the tens digit of h?
3
Let s(u) = -44*u + 5. Let o be s(-4). Sup